{"version":"1.0","provider_name":"Notibras","provider_url":"https:\/\/www.notibras.com\/site","author_name":"Reda\u00e7\u00e3o","author_url":"https:\/\/www.notibras.com\/site\/author\/diretor\/","title":"Abertas inscri\u00e7\u00f5es para conselheiros regionais de cultura - Notibras","type":"rich","width":600,"height":338,"html":"<blockquote class=\"wp-embedded-content\" data-secret=\"hXrCJBjrVU\"><a href=\"https:\/\/www.notibras.com\/site\/abertas-inscricoes-para-conselheiros-regionais-de-cultura\/\">Abertas inscri\u00e7\u00f5es para conselheiros regionais de cultura<\/a><\/blockquote><iframe sandbox=\"allow-scripts\" security=\"restricted\" src=\"https:\/\/www.notibras.com\/site\/abertas-inscricoes-para-conselheiros-regionais-de-cultura\/embed\/#?secret=hXrCJBjrVU\" width=\"600\" height=\"338\" title=\"&#8220;Abertas inscri\u00e7\u00f5es para conselheiros regionais de cultura&#8221; &#8212; Notibras\" data-secret=\"hXrCJBjrVU\" frameborder=\"0\" marginwidth=\"0\" marginheight=\"0\" scrolling=\"no\" class=\"wp-embedded-content\"><\/iframe><script type=\"text\/javascript\">\n\/* <![CDATA[ *\/\n\/**\n * WordPress inline HTML embed\n *\n * @since 4.4.0\n * @output wp-includes\/js\/wp-embed.js\n *\n * Single line comments should not be used since they will break\n * the script when inlined in get_post_embed_html(), specifically\n * when the comments are not stripped out due to SCRIPT_DEBUG\n * being turned on.\n *\/\n(function ( window, document ) {\n\t'use strict';\n\n\t\/* Abort for ancient browsers. *\/\n\tif ( ! document.querySelector || ! window.addEventListener || typeof URL === 'undefined' ) {\n\t\treturn;\n\t}\n\n\t\/** @namespace wp *\/\n\twindow.wp = window.wp || {};\n\n\t\/* Abort if script was already executed. *\/\n\tif ( !! window.wp.receiveEmbedMessage ) {\n\t\treturn;\n\t}\n\n\t\/**\n\t * Receive embed message.\n\t *\n\t * @param {MessageEvent} e\n\t *\/\n\twindow.wp.receiveEmbedMessage = function( e ) {\n\t\tvar data = e.data;\n\n\t\t\/* Verify shape of message. *\/\n\t\tif (\n\t\t\t! ( data || data.secret || data.message || data.value ) ||\n\t\t\t\/[^a-zA-Z0-9]\/.test( data.secret )\n\t\t) {\n\t\t\treturn;\n\t\t}\n\n\t\tvar iframes = document.querySelectorAll( 'iframe[data-secret=\"' + data.secret + '\"]' ),\n\t\t\tblockquotes = document.querySelectorAll( 'blockquote[data-secret=\"' + data.secret + '\"]' ),\n\t\t\tallowedProtocols = new RegExp( '^https?:$', 'i' ),\n\t\t\ti, source, height, sourceURL, targetURL;\n\n\t\tfor ( i = 0; i < blockquotes.length; i++ ) {\n\t\t\tblockquotes[ i ].style.display = 'none';\n\t\t}\n\n\t\tfor ( i = 0; i < iframes.length; i++ ) {\n\t\t\tsource = iframes[ i ];\n\n\t\t\tif ( e.source !== source.contentWindow ) {\n\t\t\t\tcontinue;\n\t\t\t}\n\n\t\t\tsource.removeAttribute( 'style' );\n\n\t\t\tif ( 'height' === data.message ) {\n\t\t\t\t\/* Resize the iframe on request. *\/\n\t\t\t\theight = parseInt( data.value, 10 );\n\t\t\t\tif ( height > 1000 ) {\n\t\t\t\t\theight = 1000;\n\t\t\t\t} else if ( ~~height < 200 ) {\n\t\t\t\t\theight = 200;\n\t\t\t\t}\n\n\t\t\t\tsource.height = height;\n\t\t\t} else if ( 'link' === data.message ) {\n\t\t\t\t\/* Link to a specific URL on request. *\/\n\t\t\t\tsourceURL = new URL( source.getAttribute( 'src' ) );\n\t\t\t\ttargetURL = new URL( data.value );\n\n\t\t\t\tif (\n\t\t\t\t\tallowedProtocols.test( targetURL.protocol ) &&\n\t\t\t\t\ttargetURL.host === sourceURL.host &&\n\t\t\t\t\tdocument.activeElement === source\n\t\t\t\t) {\n\t\t\t\t\twindow.top.location.href = data.value;\n\t\t\t\t}\n\t\t\t}\n\t\t}\n\t};\n\n\tfunction onLoad() {\n\t\tvar iframes = document.querySelectorAll( 'iframe.wp-embedded-content' ),\n\t\t\ti, source, secret;\n\n\t\tfor ( i = 0; i < iframes.length; i++ ) {\n\t\t\t\/** @var {IframeElement} *\/\n\t\t\tsource = iframes[ i ];\n\n\t\t\tsecret = source.getAttribute( 'data-secret' );\n\t\t\tif ( ! secret ) {\n\t\t\t\t\/* Add secret to iframe *\/\n\t\t\t\tsecret = Math.random().toString( 36 ).substring( 2, 12 );\n\t\t\t\tsource.src += '#?secret=' + secret;\n\t\t\t\tsource.setAttribute( 'data-secret', secret );\n\t\t\t}\n\n\t\t\t\/*\n\t\t\t * Let post embed window know that the parent is ready for receiving the height message, in case the iframe\n\t\t\t * loaded before wp-embed.js was loaded. When the ready message is received by the post embed window, the\n\t\t\t * window will then (re-)send the height message right away.\n\t\t\t *\/\n\t\t\tsource.contentWindow.postMessage( {\n\t\t\t\tmessage: 'ready',\n\t\t\t\tsecret: secret\n\t\t\t}, '*' );\n\t\t}\n\t}\n\n\twindow.addEventListener( 'message', window.wp.receiveEmbedMessage, false );\n\tdocument.addEventListener( 'DOMContentLoaded', onLoad, false );\n})( window, document );\n\/\/# sourceURL=https:\/\/www.notibras.com\/site\/wp-includes\/js\/wp-embed.js\n\/* ]]> *\/\n<\/script>\n","thumbnail_url":"https:\/\/www.notibras.com\/site\/wp-content\/uploads\/2024\/03\/WhatsApp-Image-2024-03-15-at-16.28.12-1536x1020-1.jpeg","thumbnail_width":1536,"thumbnail_height":1020,"description":"O Governo do Distrito Federal (GDF) convida representantes da sociedade civil com atua\u00e7\u00e3o na \u00e1rea cultural para compor os conselhos regionais de cultura de 15 regi\u00f5es administrativas (RAs). As inscri\u00e7\u00f5es est\u00e3o abertas at\u00e9 12 de abril, com mandatos para o tri\u00eanio 2024\/2027. Os conselheiros de cultura s\u00e3o parceiros do governo e dos artistas locais, e [&hellip;]"}

Redação

Abertas inscrições para conselheiros regionais de cultura - Notibras

<blockquote class="wp-embedded-content" data-secret="hXrCJBjrVU"><a href="https://www.notibras.com/site/abertas-inscricoes-para-conselheiros-regionais-de-cultura/">Abertas inscrições para conselheiros regionais de cultura</a></blockquote><iframe sandbox="allow-scripts" security="restricted" src="https://www.notibras.com/site/abertas-inscricoes-para-conselheiros-regionais-de-cultura/embed/#?secret=hXrCJBjrVU" width="600" height="338" title="&#8220;Abertas inscrições para conselheiros regionais de cultura&#8221; &#8212; Notibras" data-secret="hXrCJBjrVU" frameborder="0" marginwidth="0" marginheight="0" scrolling="no" class="wp-embedded-content"></iframe><script type="text/javascript">
/* <![CDATA[ */
/**
 * WordPress inline HTML embed
 *
 * @since 4.4.0
 * @output wp-includes/js/wp-embed.js
 *
 * Single line comments should not be used since they will break
 * the script when inlined in get_post_embed_html(), specifically
 * when the comments are not stripped out due to SCRIPT_DEBUG
 * being turned on.
 */
(function ( window, document ) {
	'use strict';

	/* Abort for ancient browsers. */
	if ( ! document.querySelector || ! window.addEventListener || typeof URL === 'undefined' ) {
		return;
	}

	/** @namespace wp */
	window.wp = window.wp || {};

	/* Abort if script was already executed. */
	if ( !! window.wp.receiveEmbedMessage ) {
		return;
	}

	/**
	 * Receive embed message.
	 *
	 * @param {MessageEvent} e
	 */
	window.wp.receiveEmbedMessage = function( e ) {
		var data = e.data;

		/* Verify shape of message. */
		if (
			! ( data || data.secret || data.message || data.value ) ||
			/[^a-zA-Z0-9]/.test( data.secret )
		) {
			return;
		}

		var iframes = document.querySelectorAll( 'iframe[data-secret="' + data.secret + '"]' ),
			blockquotes = document.querySelectorAll( 'blockquote[data-secret="' + data.secret + '"]' ),
			allowedProtocols = new RegExp( '^https?:$', 'i' ),
			i, source, height, sourceURL, targetURL;

		for ( i = 0; i < blockquotes.length; i++ ) {
			blockquotes[ i ].style.display = 'none';
		}

		for ( i = 0; i < iframes.length; i++ ) {
			source = iframes[ i ];

			if ( e.source !== source.contentWindow ) {
				continue;
			}

			source.removeAttribute( 'style' );

			if ( 'height' === data.message ) {
				/* Resize the iframe on request. */
				height = parseInt( data.value, 10 );
				if ( height > 1000 ) {
					height = 1000;
				} else if ( ~~height < 200 ) {
					height = 200;
				}

				source.height = height;
			} else if ( 'link' === data.message ) {
				/* Link to a specific URL on request. */
				sourceURL = new URL( source.getAttribute( 'src' ) );
				targetURL = new URL( data.value );

				if (
					allowedProtocols.test( targetURL.protocol ) &&
					targetURL.host === sourceURL.host &&
					document.activeElement === source
				) {
					window.top.location.href = data.value;
				}
			}
		}
	};

	function onLoad() {
		var iframes = document.querySelectorAll( 'iframe.wp-embedded-content' ),
			i, source, secret;

		for ( i = 0; i < iframes.length; i++ ) {
			/** @var {IframeElement} */
			source = iframes[ i ];

			secret = source.getAttribute( 'data-secret' );
			if ( ! secret ) {
				/* Add secret to iframe */
				secret = Math.random().toString( 36 ).substring( 2, 12 );
				source.src += '#?secret=' + secret;
				source.setAttribute( 'data-secret', secret );
			}

			/*
			 * Let post embed window know that the parent is ready for receiving the height message, in case the iframe
			 * loaded before wp-embed.js was loaded. When the ready message is received by the post embed window, the
			 * window will then (re-)send the height message right away.
			 */
			source.contentWindow.postMessage( {
				message: 'ready',
				secret: secret
			}, '*' );
		}
	}

	window.addEventListener( 'message', window.wp.receiveEmbedMessage, false );
	document.addEventListener( 'DOMContentLoaded', onLoad, false );
})( window, document );
//# sourceURL=https://www.notibras.com/site/wp-includes/js/wp-embed.js
/* ]]> */
</script>

O Governo do Distrito Federal (GDF) convida representantes da sociedade civil com atuação na área cultural para compor os conselhos regionais de cultura de 15 regiões administrativas (RAs). As inscrições estão abertas até 12 de abril, com mandatos para o triênio 2024/2027. Os conselheiros de cultura são parceiros do governo e dos artistas locais, e [&hellip;]
